3*d + 77. Let l be m(-27). Let f = l - 82. What is the tens digit of f?
7
Let d(a) = -a**3 + 76*a**2 + 283*a + 208. What is the tens digit of d(67)?
7
What is the hundreds digit of (-6*1977/(-24))/(-3)*-4?
6
Let z(g) = 266*g**2 + 35*g - 133. What is the units digit of z(3)?
6
Let q = 9986 - 6664. What is the tens digit of q?
2
Suppose 0 = 4*g - 5*j + 330 - 5, -3*g + j - 241 = 0. Let k = g - -88. What is the units digit of k?
8
Let l(f) = 4*f**2 + 11*f + 45. Let m = 227 - 242. What is the hundreds digit of l(m)?
7
Suppose -3*q + 6792 = -4*i, 0 = 5*q - 4*i - 7715 - 3621. What is the thousands digit of q?
2
What is the ten thousands digit of ((-4950)/77)/(((-1)/(-4130))/((-16)/120))?
3
Let m = 8 - 65. Let z(b) = b**3 - 81*b**2 + 158*b + 91. Let w be z(79). Let f = m + w. What is the tens digit of f?
3
Let z(s) be the third derivative of 121*s**4/24 + s**3/3 + 12*s**2. Let i be z(1). Suppose -i*x + 124*x = 51. What is the units digit of x?
1
Let h = -5955 + 11339. Suppose -7*j + h + 412 = 0. Suppose -36*b + 30*b + j = 0. What is the hundreds digit of b?
1
Let y(t) = -36*t**2 + 81*t + 52. Let q(j) = 21*j**2 - 41*j - 26. Let p(l) = -5*q(l) - 3*y(l). Let n = 11 - -5. What is the units digit of p(n)?
4
Suppose -3*b + 70561 = -3*p + 7783, 13*p - 62698 = -3*b. What is the tens digit of b?
2
Let n(a) = 3408*a - 272. Let j be n(7). Suppose j = 30*m + 14*m. What is the hundreds digit of m?
5
Let g be (-4)/(-6) - 1224/(-108). Suppose -v = -3*b + 2*v + 1275, 3*v = g. What is the hundreds digit of b?
4
Suppose -3*z + 6*z - 33 = 0. Let f(j) = 2*j - 14. Let k be f(z). What is the units digit of (-18)/k - 8/(-32) - -8?
6
Let g = 43 - 39. Suppose 3*q - 3*a - 113 = 214, g*q = -3*a + 457. Suppose -4*t + q = -268. What is the tens digit of t?
9
Let o = -86 + 212. Let l = 33 + -10. Suppose -l*k = -21*k - o. What is the tens digit of k?
6
Let m be (0 - (-12)/(-15))/((-4)/2600). Suppose 537 = 7*v - m. What is the tens digit of v?
5
Let c(m) = m + 26. Let r be c(-24). Suppose 0*q = r*q - 596. Let z = -188 + q. What is the units digit of z?
0
Let o be (-3)/6 + (-15)/(-6). Suppose 3*s = 5*b + 2078, 3*s + o*b - 2108 = b. What is the hundreds digit of s?
7
Let f(j) = j**2 + 18*j + 8. Let y be f(-7). Let m = 71 + y. Suppose -5 = -m*o + 7*o, -5*o = 2*n - 1. What is the units digit of n?
3
Let q be 2*((-4)/(-14) - 10/(-14)). Suppose 7*d = q*d + 915. Suppose 2*h - 354 = 3*u, h - d = -0*u + 3*u. What is the hundreds digit of h?
1
Let d(z) = -z**3 + 38 + z**2 - 97 - 36*z**2 + 3*z + 18*z. What is the tens digit of d(-36)?
8
Let q = 10 + -1. Suppose -5*m - q*m = -2982. What is the units digit of m?
3
Let m = 11008 + -3272. What is the thousands digit of m?
7
Let c(o) = 3*o**3 - 5*o**2 - 5*o + 7. Let k(a) = -3*a**3 + 4*a**2 + 3*a - 6. Let h(r) = -2*c(r) - 3*k(r). What is the tens digit of h(3)?
7
Let t = -282 - -105. Let v = 1195 + -1529. Let w = t - v. What is the units digit of w?
7
Let j(q) = -158*q - 215. Let i = -466 + 462. What is the units digit of j(i)?
7
Let k(l) = 4*l**3 + 13*l**2 + 22*l + 62. What is the thousands digit of k(14)?
3
Let s = 69054 - 2100. What is the units digit of s?
4
Let h(z) = 11*z + 67. Let u be h(-6). What is the tens digit of (u - -784)*63/105?
7
Let t(z) = 12708*z**2 - 88*z - 87. What is the thousands digit of t(-1)?
2
Let i(b) = b**3 - 8*b**2 - 9*b - 4. Let d be i(9). Let z(l) = -13*l + 17*l + 18*l**2 - 11*l**2 + l**3 - 1. What is the units digit of z(d)?
1
Let b = 42 + -38. Suppose -f = -5*f - b. Let l(o) = -11*o - 3. What is the units digit of l(f)?
8
What is the thousands digit of (-1 + -4 - -10)/((-10)/(-15708))?
7
Let h(a) = 13*a**2 - 53*a - 1. Let i(t) = -32*t**2 + 132*t + 2. Let k(z) = 2*z - 36. Let n be k(12). Let s(g) = n*h(g) - 5*i(g). What is the tens digit of s(8)?
6
Let n = 106 - 108. Let j(m) = -160*m + 16. Let g be j(n). Suppose 0 = 4*q - 10*q + g. What is the tens digit of q?
5
Suppose 22060 + 142741 = 13*t. What is the tens digit of t?
7
Suppose -18*k - 600 = -13*k. Let t = -116 - k. Suppose -2*d = 5*n - 1092, t*n + 0*d - 892 = 3*d. What is the tens digit of n?
2
Let s(c) be the third derivative of -c**4/24 + 187*c**3/6 + 140*c**2. What is the units digit of s(-26)?
3
What is the thousands digit of 13715 + (-549)/(-610) + (-1)/(-10)?
3
Suppose 0*p + 488 = 4*p. Let a(f) = 37*f + 1471. Let k be a(-38). Let u = p - k. What is the units digit of u?
7
Suppose -150238 = -35*b + 97702. What is the hundreds digit of b?
0
Let j be (1/(2 - 0))/(25/(-50)). Let v(x) = 868*x**2 + x + 2. What is the hundreds digit of v(j)?
8
Let x(m) be the second derivative of m**5/12 - m**4/8 + 7*m**3/3 + 3*m. Let c(w) be the second derivative of x(w). What is the tens digit of c(6)?
5
Let q(s) = 87*s**3 - 2*s + 1. Suppose -6*b + 2*b = -16. Suppose -4*c = -4*o + b, 7 = -c + 5*o - 2. What is the units digit of q(c)?
6
Let s be (3/(-6))/((-15)/(-150)). What is the hundreds digit of 1695/(-10)*(s - (-78)/18)?
1
Suppose 13*r - 654 = 12*r. Suppose 2*g - r - 82 = 0. Suppose 377 = 4*f - a, 4*a + g = 7*f - 3*f. What is the tens digit of f?
9
Let s = -34481 - -59663. What is the hundreds digit of s?
1
Suppose 0 = 8*w - 3117 - 2859. What is the units digit of w?
7
Let y(u) = u**3 - 6*u**2 - 24*u - 4. Let w be y(9). Suppose -1552 = 7*p - w*p. What is the tens digit of p?
9
Let l(a) = -1975*a - 203. What is the units digit of l(-5)?
2
Let z(f) = -282*f + 281*f + 29 + 36. What is the units digit of z(-19)?
4
Let c(s) = -s**3 - s**2 - 2*s + 1159. Let r be c(0). Suppose -3*x - 330 = -y, -5*y + 543 + r = -2*x. What is the tens digit of y?
4
Suppose 0 = -28*x + 3*x - 200. What is the units digit of ((-4317)/9 + -1)*12/x?
1
Let x(b) = 1162*b + 191. Let u be x(4). Suppose 1682*s - u = 1679*s. What is the thousands digit of s?
1
Let i(b) = b**2 - 24*b + 99. Let w be i(17). Let d = 53 + -97. Let q = w - d. What is the units digit of q?
4
Let g = -238 + 242. What is the tens digit of 1477/g + (-3)/12?
6
Let d(r) = r. Let h(m) = 18*m + 3. Let x(j) = 45*d(j) - 3*h(j). Let y be x(-2). What is the units digit of (-6)/(-9) + (-3)/y*-1?
1
Suppose 8*l - 5*l - 635838 = 4*h, 5*l - 1059735 = 5*h. What is the hundreds digit of l/495 + 2/(-11)?
4
Let s be (-6)/(-5 + 5708/1144). Suppose 2*a + 717 = 3*b, 5*b + 2*a + s = 1751. What is the tens digit of b?
3
Let o = 22 - 22. Suppose o = -20*q + 21*q + 26. What is the tens digit of q/(-39) - 421/(-3)?
4
What is the units digit of 5521*2*1/(-1 + 33/11)?
1
What is the ten thousands digit of 24157 + (70/28)/(6/36*-3)?
2
Let u = 939 - 114. Suppose u*l - 120 = 824*l. What is the hundreds digit of l?
1
What is the tens digit of (16/(-18))/((-18)/328617)*(-2)/(-4)?
1
Let i = 10540 - 24575. What is the units digit of i/(-10) + (-3)/(-2)?
5
Suppose 4*i - 757 = 467. Suppose -i - 194 = -2*y. What is the tens digit of y?
5
Let h(n) = -204*n - 1741. What is the hundreds digit of h(-35)?
3
Let c(z) = -6*z**3 + 3*z**2 - 3. Let w be c(1). Let y(i) = -62*i**2 - i + 2. Let j be y(-2). What is the hundreds digit of (w + 5)*j/(1 - -1)?
1
Suppose 5*z = 5*v - 1380, 0 = 3*v - 5*z - 523 - 315. Let a = 171 - v. What is the units digit of 75/a + 307/4?
6
Let c = 591 + -835. Let o = -10 - c. Suppose 0 = 19*j - 6*j - o. What is the tens digit of j?
1
Let x = -3 - -5. Let l be x*22/10 + (-4)/10. Suppose 2*m + 5*c = 109, -90 - 143 = -l*m + 5*c. What is the units digit of m?
7
Let w(j) be the third derivative of j**6/120 + j**5/15 - j**4/4 - j**3/6 + 11*j**2. Let d be w(-5). What is the units digit of 3/(-2)*(d + (-804)/18)?
1
Let q = 7252 + -3608. What is the hundreds digit of q?
6
Suppose 480*u - d = 484*u - 26169, 0 = u + 4*d - 6546. What is the hundreds digit of u?
5
Let j = -41 + 704. Suppose -2103 = -8*p - j. What is the hundreds digit of p?
1
Let v(q) = -7*q**2 - 4*q + 12. Let p(m) = -m**2 + m + 1. Let k(w) = -6*p(w) - 2*v(w). What is the units digit of k(-6)?
8
Let f(m) = -51*m**3 - m**2 + 50*m + 508. What is the units digit of f(-11)?
8
Let d be ((-6)/(-5) - 1) + 341904/(-120). Let s = -1777 - d. What is the units digit of s?
2
Let u = -159 - -393. Suppose -31 - u = 5*i. What is the tens digit of 1/(i/(-52) - 1)?
5
Let l(j) be the second derivative of 17*j**6/360 + 13*j**5/120 - 31*j**4/12 + 10*j. Let n(z) be the third derivative of l(z). What is the tens digit of 